e the highest common factor of 1 and f.
1
Let k = 12 + -21. Let b = 21 + k. What is the highest common factor of b and 3?
3
Suppose -5*c + 2*c = -5*i + 446, -461 = -5*i - 2*c. What is the greatest common factor of i and 13?
13
Let f(d) = 8*d**2 + 2*d + 3. Let i be f(-3). Let a = -3 + i. Calculate the highest common divisor of a and 6.
6
Let l = -275 - -394. Calculate the highest common factor of l and 17.
17
Let m(v) = 2*v - 5. Let o be m(5). Suppose 0 = 5*c + o*g + 25, 0 = 5*c - 4*c + 2*g + 9. Let p be c/(1/(-2)) - -6. What is the highest common factor of 8 and p?
8
Let h(u) = -u**3 + 6*u**2 - 5*u + 1. Let v be h(5). Let y = -29 - -40. Calculate the greatest common divisor of y and v.
1
Suppose 3*j + u = 115, 2*j + 8 - 73 = -3*u. Calculate the greatest common factor of 200 and j.
40
Let i(d) = 3*d**2 - d + 5. Let g be i(5). Calculate the greatest common factor of g and 30.
15
Let v = -107 - -217. What is the greatest common factor of 10 and v?
10
Suppose 2*l = -m - 3*m + 16, 0 = -3*m + 2*l - 2. Calculate the greatest common factor of m and 3.
1
Suppose 0 = -n + 6*n + 4*a - 24, -5*n + 4*a = -16. Suppose n*d + 24 = 7*d. What is the greatest common factor of d and 64?
8
Let h be 5/((-3 + 1)/(-2)). Suppose 3*r - h*r + 20 = 0. Calculate the greatest common divisor of 50 and r.
10
Let w = 32 - 24. Calculate the greatest common factor of 40 and w.
8
Suppose -6*w - 18 = -3*w. Let y(z) = 2*z**2 + z. Let a be y(w). Calculate the greatest common factor of 6 and a.
6
Let q = -5 - -7. Suppose -q*n + 0*n + 12 = 0. What is the greatest common divisor of 6 and n?
6
Suppose -8 = -4*i + 24. Calculate the greatest common divisor of 40 and i.
8
Let x be 129/4 - 6/(-8). Let c = 48 - x. What is the highest common factor of 15 and c?
15
Let a = 4 - 3. Let i be (6/(1 + 1))/a. Suppose i = -p + 15. What is the highest common factor of p and 48?
12
Let d be 2 + (-2 + 2)/3. Suppose d - 3 = -z. Let h = z + 17. What is the highest common divisor of h and 18?
18
Let k(d) = 2*d**3 - 6*d**2 - 9*d - 5. Let z be k(5). Calculate the greatest common factor of 10 and z.
10
Let m be (-2)/(-3) + (3 - (-312)/18). Calculate the greatest common factor of 105 and m.
21
Let d be 6/((-5)/(-1) + -3). Let j be 18/(d/(-2 - -8)). What is the highest common divisor of 12 and j?
12
Let i(c) = c**3 + 5*c**2 + c + 5. Let g be i(-5). Suppose -5*t = -g*t - 560. Calculate the greatest common factor of t and 14.
14
Let a be (-636)/(-21) - (-2)/(-7). Suppose -4*b - 12 = -4*k, -1 = -k - 3*b - 2. Let g be ((-25)/k)/((-1)/6). Calculate the greatest common factor of a and g.
15
Suppose k + 2*k = 30. Let x(l) = -l**2 + 6*l + 10. Let g be x(6). What is the highest common divisor of k and g?
10
Let n(y) = y**2 - y + 12. Let b be n(0). What is the highest common divisor of b and 36?
12
Suppose -3*w - 7 = -5*s - 2*w, 7 = 3*s - 2*w. What is the highest common factor of 8 and s?
1
Let h be ((-2)/4)/((-1675)/(-420) - 4). What is the highest common divisor of 56 and h?
14
Suppose -z = -4*z - 5*o - 101, -74 = 2*z + 5*o. Let u be (-6)/(-27) - 426/z. What is the greatest common factor of 112 and u?
16
Let b = -11 - -23. What is the greatest common divisor of 30 and b?
6
Suppose 0*z = -5*z, 3*l - 120 = -3*z. Suppose -5*i - 15 = -4*p + 10, 3*i + 8 = p. Calculate the greatest common factor of p and l.
5
Suppose -2*c - 10 + 24 = 0. Let r(z) = 0 - 4*z + 10*z - 1 - 5*z. Let x be r(c). Calculate the highest common divisor of x and 54.
6
Suppose 0 = -5*w + 4*v + 42 + 15, 3*v - 36 = -5*w. What is the greatest common divisor of 144 and w?
9
Let z = 7 + -13. Let l(t) = t. Let h(p) = p + 4. Let y(k) = 2*h(k) - 4*l(k). Let b be y(z). What is the highest common factor of b and 100?
20
Let p = 29 + -15. Suppose p = g + 2. Suppose 4*v - 5*y = 11, 5*v = -3*y - 0*y + 23. Calculate the highest common divisor of g and v.
4
Let o = -2 + -6. Let l = o + 70. Suppose 37 = 3*w - l. What is the highest common factor of 22 and w?
11
Let h = 29 - 11. Let u(p) = p**2 - 10*p + 11. Let k be u(9). Calculate the highest common divisor of h and k.
2
Let m be ((-195)/45)/(2/(-6)). Calculate the highest common factor of m and 65.
13
Let c(m) = -3*m**3 - 3*m**2 - 3*m + 3. Let q be c(-2). Suppose 47 = 5*a + 4*h, 4*h - 26 = -a - a. What is the highest common divisor of q and a?
7
Suppose -7 = 3*z - 16. Suppose -5*s + 0*n - 4*n = -15, z*n = 2*s - 6. Suppose -7*d - 108 = -234. What is the highest common factor of d and s?
3
Suppose 4*d - 3*j - 1 = 2, -2*j = -6. Calculate the highest common factor of d and 3.
3
Let v = 8 + 0. Let x be (v/(-5))/((-4)/10). Suppose -16 = -w - o - o, -x*w = -5*o - 116. Calculate the greatest common factor of 3 and w.
3
Let p be (-1*31/(-5))/(2/10). Calculate the highest common divisor of 217 and p.
31
Let y(r) = 2*r - 6. Let q be y(4). Let p be (16 - q) + 4/2. Let w = -9 - -17. Calculate the greatest common divisor of w and p.
8
Let l be (14 + -4)/((-7)/4 + 2). What is the greatest common factor of l and 360?
40
Suppose 240 = 4*f - 5*n, 3*n = -5*f + 488 - 151. Let l be ((-1)/2)/(1/(-6)). Suppose -2*w = l*w - f. What is the greatest common factor of 91 and w?
13
Suppose 10 = 14*f - 13*f. Suppose 0 = h + 5, 0*h + 4*h = 3*o - 110. What is the greatest common divisor of o and f?
10
Let z(y) = -y**3 + 9*y**2 - 10*y + 2. Let r be z(7). Calculate the greatest common divisor of 6 and r.
6
Let k = -61 + 173. Suppose 0 = -0*z + 4*z + 8. Let m be (3 - 1)/(z/(-14)). Calculate the highest common factor of k and m.
14
Let v be (2 - 0)/((-7)/(-21)). Calculate the highest common factor of 6 and v.
6
Let x(w) = -17*w**3 - 2*w**2 - 2*w. Let n be x(-1). Calculate the greatest common factor of 17 and n.
17
Let a = 2 - -5. Let h = -3 + a. Suppose 0 = -4*v + f + 217, h*v + f - 235 = -4*f. What is the greatest common divisor of v and 22?
11
Let g be 452/5 + ((-168)/(-30) - 6). What is the greatest common factor of g and 10?
10
Let h(o) = -3*o. Let v be h(-9). What is the highest common factor of v and 27?
27
Suppose 4*l - 110 = 18. What is the greatest common divisor of 4 and l?
4
Suppose 76 = 4*q + 16. Let s = q + 29. Suppose 0 = 5*m + 25, -3*c - 2*m - 8 = -328. What is the greatest common divisor of c and s?
22
Let p be (45/9 - 12)*(-26)/7. What is the highest common divisor of p and 39?
13
Suppose -3 = -4*x - q, -6*q - 5 = -3*x - 4*q. Let i = x - -13. Calculate the greatest common divisor of 14 and i.
14
Let n = -7 + 10. Suppose 5*j + 546 = n*p, 3*p - j + 2*j - 564 = 0. Calculate the highest common factor of p and 17.
17
Suppose 5*b = -2*a - 10, -3 + 1 = b - 3*a. Let h be 55 + (-3 - -1 - b). What is the highest common divisor of h and 11?
11
Suppose 5*h + 25 = 160. Let n(i) = -i**3 - 5*i**2 - 1. Let d be n(-4). Let r = h + d. Calculate the greatest common divisor of r and 110.
10
Let b(f) = f - 7. Let t = 1 + 13. Let x be b(t). What is the greatest common divisor of x and 77?
7
Suppose m + 357 = 4*m. What is the greatest common factor of m and 17?
17
Let q(i) be the first derivative of -i**3/3 - 7*i**2/2 - 2*i - 1. Let f be q(-5). Calculate the greatest common factor of 40 and f.
8
Suppose -13 = -3*y + 53. Let p be (2/1)/(11/726). What is the greatest common factor of p and y?
22
Let f = 49 + -23. What is the greatest common factor of 39 and f?
13
Suppose -3*s + 43 = -11. What is the highest common factor of 2 and s?
2
Let h be (1/2)/((-1)/(-8)). Suppose -15 = 3*z - 2*z. Let y be ((-6)/h)/(z/40). What is the highest common divisor of 44 and y?
4
Suppose 3*q - 24 = 7*q. Let b be 75/q*(-4)/5. What is the greatest common factor of 40 and b?
10
Let t = 86 + -54. Calculate the greatest common factor of t and 24.
8
Let t be (-1 - -2) + (-7)/(-1). Let k be (-1 - (-25)/10)*2. Suppose -85 - 35 = -k*d. What is the highest common divisor of d and t?
8
Let n be 11/(-1*(-1)/7). Calculate the greatest common factor of 7 and n.
7
Let r(g) = 4*g**2 - g - 1. Let z be r(2). Calculate the greatest common divisor of z and 13.
13
Suppose 2*b + 3*w = 240, 2*w = w. What is the highest common divisor of b and 15?
15
Let t(c) = 2*c - 10. Let o be t(9). Calculate the greatest common factor of o and 64.
8
Suppose 2*m + 2*m + 8 = 2*y, 0 = -4*y + 4*m + 24. Let z = 16 - y. What is the highest common divisor of 32 and z?
8
Let t(m) = m + 47. Let f be t(-22). What is the gr